ainder when 6482928 is divided by 10593.
12
Calculate the remainder when 1239384 is divided by 38674.
1816
Calculate the remainder when 199994 is divided by 3031.
2979
What is the remainder when 278146718 is divided by 465?
458
Calculate the remainder when 26122 is divided by 26023.
99
Calculate the remainder when 32819243 is divided by 15.
8
What is the remainder when 17012961 is divided by 810141?
0
Calculate the remainder when 18981718 is divided by 1581809.
10
What is the remainder when 17564782 is divided by 1033222?
8
Calculate the remainder when 648730 is divided by 4083.
3616
Calculate the remainder when 1318440 is divided by 1490.
1280
Calculate the remainder when 448207 is divided by 390.
97
What is the remainder when 744675 is divided by 248222?
9
What is the remainder when 3002781 is divided by 186?
183
What is the remainder when 21228 is divided by 4245?
3
Calculate the remainder when 12260 is divided by 326.
198
Calculate the remainder when 21070058 is divided by 381.
377
What is the remainder when 3650664 is divided by 4305?
24
What is the remainder when 75159017 is divided by 14?
3
What is the remainder when 864424 is divided by 2628?
2440
What is the remainder when 6682585 is divided by 3341244?
97
Calculate the remainder when 258551 is divided by 14363.
17
What is the remainder when 182960 is divided by 1996?
1324
Calculate the remainder when 1339797 is divided by 35.
32
What is the remainder when 64550780 is divided by 1287?
8
Calculate the remainder when 2215013 is divided by 86.
83
Calculate the remainder when 21097344 is divided by 79.
78
What is the remainder when 10524911 is divided by 16627?
20
Calculate the remainder when 146136 is divided by 72959.
218
Calculate the remainder when 791542 is divided by 2301.
2299
Calculate the remainder when 340983 is divided by 576.
567
What is the remainder when 2779811 is divided by 235?
231
Calculate the remainder when 792016 is divided by 1440.
16
Calculate the remainder when 10298 is divided by 4634.
1030
What is the remainder when 6103197 is divided by 706?
533
What is the remainder when 18154 is divided by 84?
10
Calculate the remainder when 64970 is divided by 9076.
1438
What is the remainder when 361611 is divided by 72314?
41
What is the remainder when 49113 is divided by 7977?
1251
Calculate the remainder when 18660232 is divided by 1727.
1724
Calculate the remainder when 278535436 is divided by 763.
760
What is the remainder when 36970266 is divided by 837?
813
Calculate the remainder when 24573257 is divided by 46.
11
Calculate the remainder when 7869739 is divided by 8.
3
Calculate the remainder when 821858 is divided by 931.
716
Calculate the remainder when 3051855 is divided by 1206.
675
Calculate the remainder when 7457862 is divided by 49719.
12
Calculate the remainder when 693838 is divided by 588.
586
Calculate the remainder when 2526812 is divided by 105.
92
Calculate the remainder when 2068576 is divided by 3215.
1331
Calculate the remainder when 105599 is divided by 52756.
87
Calculate the remainder when 114419 is divided by 1839.
401
What is the remainder when 869913 is divided by 815?
308
Calculate the remainder when 18960 is divided by 2896.
1584
Calculate the remainder when 2878469 is divided by 28.
13
Calculate the remainder when 99421 is divided by 19864.
101
What is the remainder when 124579 is divided by 2095?
974
Calculate the remainder when 567074 is divided by 3222.
2
What is the remainder when 29079409 is divided by 1002738?
7
Calculate the remainder when 129499544 is divided by 105.
104
Calculate the remainder when 1191931 is divided by 6149.
5174
Calculate the remainder when 815513218 is divided by 59.
55
What is the remainder when 436975340 is divided by 5382?
5378
What is the remainder when 831906 is divided by 154?
152
What is the remainder when 1020251 is divided by 5559?
2954
Calculate the remainder when 356872 is divided by 1339.
698
What is the remainder when 294481 is divided by 4946?
2667
What is the remainder when 57792 is divided by 1721?
999
What is the remainder when 2984030 is divided by 62167?
14
What is the remainder when 1050808 is divided by 23?
7
Calculate the remainder when 566213 is divided by 283091.
31
Calculate the remainder when 28011179 is divided by 334.
269
Calculate the remainder when 27563546 is divided by 70.
66
What is the remainder when 10411943 is divided by 260?
243
Calculate the remainder when 3945612 is divided by 11.
0
Calculate the remainder when 7721815 is divided by 593985.
10
Calculate the remainder when 13406103 is divided by 31.
29
Calculate the remainder when 1205688 is divided by 8.
0
What is the remainder when 91773 is divided by 199?
34
What is the remainder when 1550204 is divided by 225?
179
What is the remainder when 262398349 is divided by 46?
43
What is the remainder when 52943 is divided by 17181?
1400
Calculate the remainder when 4560403 is divided by 456040.
3
Calculate the remainder when 2907975 is divided by 55.
15
What is the remainder when 755891 is divided by 345?
341
What is the remainder when 125355 is divided by 725?
655
What is the remainder when 63252233 is divided by 63252174?
59
What is the remainder when 21442113 is divided by 7147370?
3
Calculate the remainder when 2903541 is divided by 150.
141
What is the remainder when 409893 is divided by 285?
63
What is the remainder when 28982446 is divided by 72?
70
Calculate the remainder when 1694421 is divided by 242059.
8
Calculate the remainder when 504261 is divided by 38.
1
Calculate the remainder when 2305078 is divided by 22164.
22
Calculate the remainder when 232612768 is divided by 390.
388
Calculate the remainder when 1680161 is divided by 560053.
2
What is the remainder when 2492370 is divided by 12585?
540
What is the remainder when 393607688 is divided by 491?
484
Calculate the remainder when 9065622 is divided by 41.
30
What is the remainder when 3592575 is divided by 1796268?
39
Calculate the remainder when 283082 is divided by 52.
46
What is the remainder when 41816 is divided by 41804?
12
Calculate the remainder when 6874573 is divided by 15.
13
Calculate the remainder when 384445 is divided by 381.
16
Calculate the remainder when 6994292 is divided by 16228.
24
Calculate the remainder when 791390 is divided by 56.
54
What is the remainder when 187350 is divided by 62444?
18
What is the remainder when 16575095 is divided by 5524921?
332
Calculate the remainder when 709601 is divided by 1639.
1553
What is the remainder when 269655 is divided by 16838?
247
Calculate the remainder when 11488155 is divided by 2297607.
120
What is the remainder when 29070423 is divided by 1825?
1823
What is the remainder when 8470371 is divided by 12365?
346
What is the remainder when 95646 is divided by 1777?
1465
Calculate the remainder when 171190 is divided by 18942.
712
What is the remainder when 52850604 is divided by 26425282?
40
What is the remainder when 42342196 is divided by 18?
4
What is the remainder when 8742754 is divided by 260?
254
What is the remainder when 649537 is divided by 932?
865
What is the remainder when 2943797 is divided by 829?
18
What is the remainder when 339611 is divided by 3257?
883
Calculate the remainder when 18896879 is divided by 18.
11
Calculate the remainder when 38130 is divided by 12631.
237
What is the remainder when 1304910 is divided by 427?
425
What is the remainder when 160147 is divided by 79927?
293
Calculate the remainder when 3010835 is divided by 767.
360
Calculate the remainder when 6060167 is divided by 8.
7
What is the remainder when 206037 is divided by 360?
117
What is the remainder when 26597 is divided by 12479?
1639
What is the remainder when 3673358762 is divided by 997?
995
Calculate the remainder when 329834 is divided by 164914.
6
What is the remainder when 130119 is divided by 3817?
341
What is the remainder when 256186 is divided by 227?
130
Calculate the remainder when 713444 is divided by 44585.
84
Calculate the remainder when 5793060 is divided by 2066.
2062
Calculate the remainder when 283285112 is divided by 7.
5
What is the remainder when 12943884 is divided by 3865?
3864
Calculate the remainder when 457597751 is divided by 12796.
12791
What is the remainder when 2